= 16, -5*y = 6*q - q + 20. Suppose 2*x - u - 248 = -x, q = -x + 5*u + 106. What is the remainder when x is divided by 21?
18
Let i be (3 - -5)/(1/2). Suppose 22*v - 21*v - i = 0. Calculate the remainder when 45 is divided by v.
13
What is the remainder when 91 is divided by 0 - -4 - (-1 - 179)/9?
19
Suppose 1799 + 2008 = 47*b. Calculate the remainder when 402 is divided by b.
78
What is the remainder when 287 is divided by 4/3 + 7 + (-595)/(-15)?
47
Suppose -2*c - 9*i + 80 = -5*i, i = -5*c + 209. Let f(l) = -l**3 + 7*l**2 - l - 7. What is the remainder when c is divided by f(6)?
19
Let c = 48 - -90. Let h = c + -64. What is the remainder when h is divided by 38?
36
Let a(p) = -p + 2. Let l be a(-6). Calculate the remainder when 43 is divided by 7/((-28)/l)*(-30)/4.
13
Let f be (-68)/51*(-6)/4. Suppose j - 43 = -4*z - 12, 0 = 5*j - f*z - 45. Calculate the remainder when j is divided by 9.
2
Let m(r) = 2*r**2 + 88*r + 150. Calculate the remainder when m(-43) is divided by 56.
8
Suppose 213 = 22*a - 227. Calculate the remainder when a is divided by 6.
2
Let h(t) = -t**2 + 20*t + 33. Let b = 28 - -4. Calculate the remainder when b is divided by h(21).
8
Let f(a) = 7*a + 3. Suppose 2*w = 5*w. Suppose 3*y + w*p - 2*p = 24, y = 5*p + 8. Calculate the remainder when f(4) is divided by y.
7
Let k = 44 - 30. What is the remainder when k is divided by 6?
2
Suppose 10*p - 44*p = -9146. Calculate the remainder when p is divided by 25.
19
Let h be 3/(-18) - (-6)/36. Suppose 50 = 5*n - 5*u, 5*u = -h*n + n - 6. Calculate the remainder when n is divided by 4.
3
Let c = 68 - 75. Let b(v) = v**3 + 6*v**2 - 7*v + 16. What is the remainder when 108 is divided by b(c)?
12
Let q(z) = 82*z + 47. What is the remainder when q(1) is divided by 51?
27
Let a be 28/6 + 2/6. Suppose -a*t + 69 = -11. Suppose 4*q + t = 4*w - 5*w, -2*q + 6 = 4*w. Calculate the remainder when w is divided by 3.
1
Let s be (-2970)/363 + (-2)/(-11). Suppose 3*d - 70 = -2*x, x - 24 = -d - 0*x. Let m = s + d. What is the remainder when m is divided by 5?
4
Let h = -1718 - -1895. Calculate the remainder when h is divided by 96.
81
What is the remainder when 53 is divided by (-26)/(-3 + 6/6)?
1
Let n be -4 - (-2)/(-4)*-6. Let d be 7 + n/((-1)/(-2)). Suppose -448 = -d*z - 128. Calculate the remainder when z is divided by 17.
13
What is the remainder when 71 is divided by (75/(-12) + 7)/(5/180)?
17
Let j = 13 + -9. Suppose 5*i + 5*m - 135 = 0, m = j*m - 12. What is the remainder when 43 is divided by i?
20
Suppose -60*g + 63*g + c = 438, 2*c = 6. Calculate the remainder when g is divided by 29.
0
Suppose 0 = 6*d + 57 - 363. What is the remainder when 147 is divided by d?
45
Let i be 10/15*58*(-6)/4. Let t be ((-4)/(-5))/(4/(-120)). Let q = t - i. What is the remainder when 135 is divided by q?
33
Let t(b) = -2 - 1 + 0*b**2 + 0 - b**2 + 9*b. Suppose -5*d = 4*z - 73, -3*z + 24 = -4*d + 101. Calculate the remainder when d is divided by t(8).
2
Let q = 346 + -221. Let j = -107 + q. What is the remainder when 34 is divided by j?
16
Let k(j) = -37*j - 41. What is the remainder when 2439 is divided by k(-2)?
30
Calculate the remainder when 54 is divided by (-612)/(-22) - 26/(-143).
26
Let l be -10 - -7 - (-36)/(-3). Let a = l + 29. What is the remainder when 40 is divided by a?
12
Suppose -3*o = 10*o - 2340. What is the remainder when o is divided by 24?
12
Suppose 162 = 29*b - 20*b. Calculate the remainder when 27 is divided by b.
9
Let k(g) = g**3 + 4*g**2 - 3*g - 8. Suppose 0*i - 5*q = 2*i - 98, -i = 4*q - 43. Calculate the remainder when i is divided by k(-3).
9
Let w(v) = -6*v + 36. Let g be w(6). Calculate the remainder when 25 is divided by (-30)/(-9) - (6/(-9) + g).
1
Let s be 3 - (6/(-10))/(2/(-10)). Suppose -2*b - 8 = 0, -5*c - b + 4*b + 257 = s. Let i = -12 - -25. What is the remainder when c is divided by i?
10
Let k be -6*(3/(-4))/(-3)*-14. Suppose k = -4*v + 293. What is the remainder when v is divided by 12?
8
Let w be (-2)/4 + (-10)/4. Let a(f) = 2*f + 3. Let y be a(w). What is the remainder when 17 is divided by -3*((y - 0) + 0)?
8
Let f = 434 - 143. What is the remainder when f is divided by 21?
18
Suppose -8*k - 208 = -4*k. Let x = -86 + 53. Let s = x - k. What is the remainder when 73 is divided by s?
16
Suppose 5*n = n + 4*r + 56, 2*r - 36 = -2*n. Calculate the remainder when 110 is divided by n.
14
Suppose -6*t = 9*t - 450. Calculate the remainder when 111 is divided by t.
21
Suppose -625 = -47*a + 80. Calculate the remainder when 119 is divided by a.
14
Suppose 8*t - 7*t = 4. Suppose 3*r + r = -12, -88 = t*l - 4*r. Let v = l + 40. What is the remainder when v is divided by 8?
7
Let p = -1119 + 1210. Calculate the remainder when 316 is divided by p.
43
Let p(s) = s**3 - 7*s**2 + 10*s - 9. Let u = 23 + -17. What is the remainder when p(u) is divided by 9?
6
Suppose 4*y - 5*x - 118 = 0, y + 3*x + 87 = 4*y. Suppose 4*m - m = y. Suppose -3*l - 5 = -4*l. What is the remainder when m is divided by l?
4
Let b(w) = 8*w - 5. Let q be b(3). Suppose 16*n - q*n + 36 = 0. Calculate the remainder when 71 is divided by n.
11
Suppose 18 = -129*h + 132*h. What is the remainder when h is divided by 2?
0
Let n = -294 + 303. Calculate the remainder when 184 is divided by n.
4
Let o(f) = 16*f - f**2 - 4 + 9 + 2*f**2 + 0*f**2. Let r be o(-11). Calculate the remainder when (r/6)/(14/(-84)) is divided by 17.
16
Suppose 0 = 4*a + u - 119, -2*a + 31 = u - 30. What is the remainder when a is divided by 10/(-2 + -1 - -4)?
9
Let x = -7 + 18. Suppose -6*r + 0*r - 330 = 0. Let d = 98 + r. Calculate the remainder when d is divided by x.
10
Suppose 903 - 2467 = -17*w. Suppose -3*c + c - 10 = 0. Let n = c - -36. Calculate the remainder when w is divided by n.
30
Let a(x) = -x**2 - 9*x - 9. Let s be a(-6). Let v = s + -7. Suppose 0 = -k - 0 + 2, -k - 8 = -v*h. What is the remainder when 17 is divided by h?
2
Let f(u) = 2*u**2 - u + 3. What is the remainder when 203 is divided by f(6)?
65
Suppose -165 = -7*m - 109. Calculate the remainder when 15 is divided by m.
7
Suppose -9*n = -3*n. Suppose n = -13*f + 9*f + 108. What is the remainder when 50 is divided by f?
23
Let r = 60 - 56. Let i(z) = -z**3 + 8*z**2 - 2*z - 4. Let u(w) = w**2 - 1. Let d(t) = i(t) - 3*u(t). Calculate the remainder when 27 is divided by d(r).
6
Let h(n) = 9*n - 148. What is the remainder when h(33) is divided by 25?
24
Suppose -9*f = -6*f. Suppose -n + 2*n - 74 = f. Suppose -98 = -4*l - 2*q, l + 2*l + 4*q = 71. What is the remainder when n is divided by l?
24
Let v = -297 + 311. Let d be -25*(0/2 - -4). What is the remainder when ((-28)/(-35))/((-2)/d) is divided by v?
12
What is the remainder when (21/2 + -3)*14 is divided by (-1 - -5) + (20 - -3)?
24
Let u = 1 + 3. Suppose 2*g + 8*t - 80 = 3*t, u*t - 113 = -3*g. Calculate the remainder when (-1 + -1)/((-14)/g) is divided by 2.
1
Let o(h) = -h**3 + 2*h**2 - 5. Let n be o(-6). Suppose n = 9*d - 329. Calculate the remainder when 269 is divided by d.
65
Let l(k) be the second derivative of k**3/3 - 9*k**2/2 + 7*k. Calculate the remainder when 49 is divided by l(13).
15
Let b = -59 - -49. What is the remainder when 14/((-1)/(-1)*(11 + b)) is divided by 7?
0
Let z = -51 + 122. What is the remainder when z is divided by 24*(15/(-2))/(-5)?
35
What is the remainder when 719 is divided by 1056/18 + 4/18*6?
59
Let n(y) = 29*y**2 - 67*y + 128. Calculate the remainder when n(2) is divided by 16.
14
Suppose -12*k = -7*k - 25. Calculate the remainder when 22 is divided by k.
2
Let b(z) = -40*z**3 - z**2 - z - 1. Let j be b(-1). Suppose -s = 3*q - 6*s - j, 5*q - 2*s = 46. What is the remainder when 2/6 + 1/(-3)*-65 is divided by q?
6
Let n = -7197 - -7227. Let m(a) = -58*a - 3. What is the remainder when m(-2) is divided by n?
23
Suppose -6*v - 25 = -j - v, -4*j + 32 = -3*v. Suppose 2*f + i = -3*i - 6, -j*i - 53 = -4*f. Let y = -17 - -29. Calculate the remainder when y is divided by f.
5
Suppose -3*v + 3*r - 12 = 0, -5*v - 16 = -v - 5*r. Let b(s) = s**2 + s - 3. Calculate the remainder when 40 is divided by b(v).
4
Let o(v) = 1 + 8*v**3 + v**2 - 2 - 27*v**3. Let k = -1965 + 2002. What is the remainder when k is divided by o(-1)?
18
Suppose 369 = 48*l - 63. Calculate the remainder when 214 is divided by l.
7
L